or of 1863 and 391?
23
What is the highest common factor of 198 and 90?
18
What is the highest common divisor of 5773 and 23?
23
What is the highest common factor of 19 and 22?
1
Calculate the greatest common divisor of 153 and 17.
17
Calculate the highest common divisor of 4 and 413.
1
Calculate the highest common divisor of 144 and 120.
24
Calculate the highest common divisor of 23 and 24.
1
What is the greatest common factor of 140 and 18585?
35
Calculate the highest common factor of 55 and 3487.
11
What is the highest common factor of 36 and 18?
18
Calculate the greatest common factor of 10875 and 261.
87
What is the greatest common factor of 378 and 54?
54
What is the highest common divisor of 19 and 13851?
19
Calculate the greatest common divisor of 57 and 133.
19
Calculate the greatest common factor of 486 and 81.
81
Calculate the highest common factor of 646 and 170.
34
What is the greatest common factor of 592 and 74?
74
Calculate the greatest common divisor of 8084 and 47.
47
What is the greatest common divisor of 240 and 10416?
48
What is the greatest common divisor of 119 and 17?
17
What is the greatest common divisor of 28 and 236?
4
Calculate the highest common factor of 192 and 480.
96
Calculate the greatest common divisor of 2405 and 111.
37
Calculate the highest common factor of 505 and 5.
5
Calculate the greatest common factor of 31602 and 138.
138
Calculate the highest common divisor of 14 and 742.
14
Calculate the highest common divisor of 444 and 12.
12
Calculate the highest common divisor of 15 and 1275.
15
What is the greatest common factor of 3 and 75?
3
What is the highest common factor of 57 and 1539?
57
Calculate the highest common factor of 39920 and 8.
8
What is the highest common divisor of 20 and 740?
20
Calculate the highest common divisor of 2612 and 36.
4
What is the greatest common divisor of 5 and 5?
5
What is the highest common divisor of 79 and 869?
79
What is the greatest common factor of 851 and 23?
23
Calculate the highest common divisor of 1704 and 1065.
213
Calculate the greatest common factor of 41 and 697.
41
Calculate the highest common divisor of 178 and 445.
89
Calculate the greatest common factor of 6700 and 75.
25
Calculate the highest common divisor of 28 and 12418.
14
What is the greatest common divisor of 95 and 7885?
95
What is the greatest common factor of 4970 and 70?
70
What is the greatest common divisor of 21 and 6867?
21
What is the greatest common factor of 385 and 275?
55
What is the highest common divisor of 24 and 708?
12
Calculate the highest common factor of 36 and 45.
9
What is the greatest common divisor of 58 and 87?
29
Calculate the greatest common divisor of 262 and 4.
2
What is the greatest common factor of 337 and 11?
1
What is the greatest common divisor of 90 and 288?
18
Calculate the greatest common divisor of 27 and 27.
27
Calculate the highest common divisor of 210 and 966.
42
Calculate the greatest common divisor of 624 and 143.
13
Calculate the greatest common divisor of 16 and 4.
4
Calculate the greatest common divisor of 518 and 222.
74
What is the highest common factor of 264 and 11?
11
What is the highest common factor of 496 and 32?
16
Calculate the highest common divisor of 4 and 68.
4
What is the highest common factor of 16377 and 159?
159
What is the greatest common factor of 45 and 915?
15
Calculate the highest common factor of 8125 and 195.
65
Calculate the highest common factor of 295 and 95.
5
Calculate the highest common factor of 106 and 106.
106
What is the highest common divisor of 533 and 247?
13
Calculate the highest common factor of 189 and 63.
63
What is the greatest common divisor of 21 and 7?
7
What is the greatest common factor of 14 and 658?
14
Calculate the greatest common divisor of 8 and 268.
4
What is the greatest common factor of 962 and 222?
74
What is the greatest common factor of 26 and 26?
26
What is the highest common divisor of 1565 and 120?
5
What is the highest common factor of 6 and 99?
3
What is the greatest common divisor of 279 and 155?
31
What is the greatest common divisor of 4305 and 90?
15
Calculate the highest common divisor of 27 and 999.
27
What is the greatest common divisor of 96 and 128?
32
What is the highest common divisor of 22836 and 132?
132
What is the highest common factor of 16 and 6832?
16
What is the highest common divisor of 1653 and 261?
87
Calculate the greatest common divisor of 2768 and 173.
173
What is the greatest common factor of 182 and 392?
14
What is the greatest common divisor of 8865 and 5?
5
Calculate the greatest common factor of 33 and 3.
3
What is the highest common divisor of 5 and 353?
1
Calculate the highest common factor of 32 and 4192.
32
What is the highest common factor of 2444 and 130?
26
Calculate the highest common divisor of 36 and 116.
4
What is the highest common divisor of 120 and 6504?
24
Calculate the greatest common divisor of 2225 and 89.
89
Calculate the greatest common divisor of 360 and 8.
8
What is the greatest common factor of 36 and 45?
9
What is the greatest common divisor of 6 and 3831?
3
Calculate the highest common factor of 90 and 1170.
90
What is the greatest common factor of 553 and 316?
79
What is the highest common factor of 118 and 767?
59
Calculate the highest common divisor of 440 and 920.
40
Calculate the greatest common divisor of 436 and 528.
4
Calculate the greatest common factor of 3 and 141.
3
What is the highest common divisor of 3276 and 32?
4
What is the highest common factor of 181 and 14299?
181
Calculate the greatest common factor of 522 and 7714.
58
What is the greatest common divisor of 174 and 57?
3
What is the highest common factor of 24 and 552?
24
Calculate the greatest common divisor of 7946 and 685.
137
What is the greatest common factor of 632 and 474?
158
Calculate the greatest common divisor of 60 and 6810.
30
What is the greatest common factor of 2496 and 78?
78
Calculate the greatest common factor of 4 and 128.
4
Calculate the greatest common divisor of 2867 and 122.
61
What is the greatest common divisor of 64 and 304?
16
What is the highest common factor of 333 and 9?
9
Calculate the greatest common factor of 153 and 204.
51
What is the greatest common divisor of 320 and 60?
20
What is the greatest common factor of 365 and 20?
5
Calculate the greatest common factor of 488 and 854.
122
What is the greatest common factor of 2 and 254?
2
Calculate the highest common factor of 2 and 256.
2
Calculate the greatest common factor of 2 and 56.
2
What is the greatest common divisor of 473 and 86?
43
Calculate the highest common divisor of 43 and 387.
43
What is the highest common factor of 52 and 338?
26
Calculate the greatest common divisor of 74 and 6068.
74
What is the greatest common divisor of 45 and 455?
5
What is the highest common factor of 3 and 81?
3
What is the greatest common divisor of 129 and 3?
3
What is the greatest common factor of 1584 and 2352?
48
Calculate the highest common factor of 1596 and 114.
114
Calculate the greatest common divisor of 1105 and 52.
13
What is the highest common divisor of 16 and 312?
8
What is the greatest common divisor of 56 and 6?
2
Calculate the highest common factor of 352 and 396.
44
Calculate the highest common factor of 704 and 121.
11
What is the highest common divisor of 56 and 408?
8
What is the greatest common divisor of 83 and 249?
83
What is the greatest common factor of 336 and 648?
24
What is the highest common factor of 423 and 9259?
47
What is the greatest common factor of 133 and 228?
19
Calculate the greatest common divisor of 145 and 203.
29
Calculate the greatest common factor of 18 and 30.
6
Calculate the highest common divisor of 60 and 81.
3
What is the highest common factor of 465 and 5?
5
Calculate the greatest common factor of 22 and 65318.
22
Calculate the highest common factor of 68 and 70244.
68
Calculate the greatest common factor of 1320 and 96.
24
Calculate the highest common factor of 108 and 1674.
54
What is the greatest common divisor of 180 and 135?
45
Calculate the greatest common factor of 5992 and 112.
56
Calculate the greatest common factor of 244 and 49.
1
What is the greatest common factor of 3074 and 106?
106
Calculate the greatest common divis